{"id":38,"date":"2014-02-11T21:59:33","date_gmt":"2014-02-11T19:59:33","guid":{"rendered":"http:\/\/www.kgv-kothener-wald.de\/?page_id=38"},"modified":"2026-02-28T19:19:16","modified_gmt":"2026-02-28T17:19:16","slug":"nachrichten","status":"publish","type":"page","link":"https:\/\/www.kgv-kothener-wald.de\/?page_id=38","title":{"rendered":"Nachrichten"},"content":{"rendered":"\n<p>Wasser wird aufgedreht&#8230;<\/p>\n\n\n\n<figure class=\"wp-block-image size-full\"><a href=\"https:\/\/www.kgv-kothener-wald.de\/wp-content\/uploads\/2026\/02\/image.png\"><img loading=\"lazy\" decoding=\"async\" width=\"323\" height=\"318\" src=\"https:\/\/www.kgv-kothener-wald.de\/wp-content\/uploads\/2026\/02\/image.png\" alt=\"\" class=\"wp-image-2120\" srcset=\"https:\/\/www.kgv-kothener-wald.de\/wp-content\/uploads\/2026\/02\/image.png 323w, https:\/\/www.kgv-kothener-wald.de\/wp-content\/uploads\/2026\/02\/image-300x295.png 300w, https:\/\/www.kgv-kothener-wald.de\/wp-content\/uploads\/2026\/02\/image-200x197.png 200w\" sizes=\"auto, (max-width: 323px) 100vw, 323px\" \/><\/a><\/figure>\n\n\n\n<p>Nach jetzigem Stand (wetterabh\u00e4ngig) planen wir am 21.03.2026 das Wasser aufzudrehen. Bitte daran denken, dass gem\u00e4\u00df der Strom-und Wasserordnung des Vereins Anwesenheitspflicht besteht . Bei Abwesenheit wird eine Pflichtstunde berechnet. Vertretung ist m\u00f6glich. <\/p>\n\n\n\n<p><a href=\"https:\/\/www.kgv-kothener-wald.de\/?page_id=482\">Hier geht`s zur Datenschutzerkl\u00e4rung:<\/a><\/p>\n\n\n\n<p><a href=\"https:\/\/www.kgv-kothener-wald.de\/?page_id=20\" title=\"\">Hier geht`s zum Impressum&#8230;<\/a><\/p>\n","protected":false},"excerpt":{"rendered":"<p>Wasser wird aufgedreht&#8230; Nach jetzigem Stand (wetterabh\u00e4ngig) planen wir am 21.03.2026 das Wasser aufzudrehen. Bitte daran denken, dass gem\u00e4\u00df der Strom-und Wasserordnung des Vereins Anwesenheitspflicht besteht . Bei Abwesenheit wird eine Pflichtstunde berechnet. Vertretung ist m\u00f6glich. Hier geht`s zur Datenschutzerkl\u00e4rung: Hier geht`s zum Impressum&#8230;<\/p>\n","protected":false},"author":1,"featured_media":0,"parent":2,"menu_order":0,"comment_status":"open","ping_status":"closed","template":"","meta":{"_themeisle_gutenberg_block_has_review":false,"footnotes":""},"class_list":["post-38","page","type-page","status-publish","hentry"],"aioseo_notices":[],"_links":{"self":[{"href":"https:\/\/www.kgv-kothener-wald.de\/index.php?rest_route=\/wp\/v2\/pages\/38","targetHints":{"allow":["GET"]}}],"collection":[{"href":"https:\/\/www.kgv-kothener-wald.de\/index.php?rest_route=\/wp\/v2\/pages"}],"about":[{"href":"https:\/\/www.kgv-kothener-wald.de\/index.php?rest_route=\/wp\/v2\/types\/page"}],"author":[{"embeddable":true,"href":"https:\/\/www.kgv-kothener-wald.de\/index.php?rest_route=\/wp\/v2\/users\/1"}],"replies":[{"embeddable":true,"href":"https:\/\/www.kgv-kothener-wald.de\/index.php?rest_route=%2Fwp%2Fv2%2Fcomments&post=38"}],"version-history":[{"count":13,"href":"https:\/\/www.kgv-kothener-wald.de\/index.php?rest_route=\/wp\/v2\/pages\/38\/revisions"}],"predecessor-version":[{"id":2121,"href":"https:\/\/www.kgv-kothener-wald.de\/index.php?rest_route=\/wp\/v2\/pages\/38\/revisions\/2121"}],"up":[{"embeddable":true,"href":"https:\/\/www.kgv-kothener-wald.de\/index.php?rest_route=\/wp\/v2\/pages\/2"}],"wp:attachment":[{"href":"https:\/\/www.kgv-kothener-wald.de\/index.php?rest_route=%2Fwp%2Fv2%2Fmedia&parent=38"}],"curies":[{"name":"wp","href":"https:\/\/api.w.org\/{rel}","templated":true}]}}